f t?
193
Let c(t) = 382*t - 54. Let x(g) = -2*g**2 + 21*g - 25. Let s be x(9). List the prime factors of c(s).
2, 5, 71
Let j(o) = -1512*o + 860. What are the prime factors of j(-6)?
2, 13, 191
Let l = 5275 + 9686. List the prime factors of l.
3, 4987
Let w be 112/42*(-2 + 343/2). Suppose -w = -y + 242. What are the prime factors of y?
2, 347
Suppose 0 = -2*g - 55 - 17. Let j = g + 82. List the prime factors of j.
2, 23
Let w = -16473 + 22769. What are the prime factors of w?
2, 787
Let d(r) = r**2 + 20*r + 2. Let o be d(-20). Suppose -5*i - 1385 = -o*v, -4*v - 5*i + 3160 = 315. List the prime factors of v.
3, 5, 47
What are the prime factors of 231/63*483567/49 + (-4)/14?
5, 7237
Let k be -1 - -1 - 2752/(-64). Suppose -3*y + 19 = 142. Let u = k + y. What are the prime factors of u?
2
Let i(f) = -f**3 - 27*f**2 + 27*f - 5. Let t be i(-28). Suppose -6050 = -t*y + 1356. What are the prime factors of y?
2, 7, 23
Suppose 6*s - 3*s - 21 = -2*u, 4*s = u + 17. Suppose q - u*q + 6 = 0. Suppose -2*h = q*x - 533, -2*x - h + 338 = -4*h. What are the prime factors of x?
5, 7
Let a = 18471 - 2861. List the prime factors of a.
2, 5, 7, 223
Let y(p) = -p**2 - 28*p - 47. Let g be y(-27). Let c(m) = -335*m**3 + 1. Let t be c(-1). List the prime factors of (g/6)/((-16)/t).
2, 5, 7
Suppose 40 = 2*y + 28. Let o = -22 - y. Let t = 111 - o. What are the prime factors of t?
139
Suppose 105*k + 3*o = 106*k - 21298, k - 21294 = 2*o. List the prime factors of k.
2, 29, 367
Suppose 4*x + 20 = 0, -8*v - 3*x + 15 = -3*v. Let h(s) = 6*s - 32. Let t be h(v). Suppose -6*d = -t*d - 582. List the prime factors of d.
3, 97
Let h = 1510 - 1356. List the prime factors of h.
2, 7, 11
Let n = 629 - 116. Let i = n + -442. What are the prime factors of i?
71
Suppose 30 = o - f + 6*f, -4*o + 10 = -2*f. Suppose -2*q - 3 + 1 = 0, -o*q + 287 = -2*w. Let y = -119 - w. What are the prime factors of y?
3
Let k be (-6)/27 + (-34)/9. Let p be (-5757)/(-6) - 2/k. What are the prime factors of p/112 + (-6)/(-14)?
3
Let f(h) be the third derivative of h**4/12 + 3*h**3 + 22*h**2. Let x be f(-7). Let a(r) = -4*r + 21. List the prime factors of a(x).
5
Suppose -y = -4*w + 5868, -3*w - 4*y + 6051 = 1631. Suppose -2*c = 3*i - 488 + w, 3*c + 12 = 0. Let l = i - -467. List the prime factors of l.
11, 13
Suppose 4*y = 2*v + 69326, 50*v = 51*v - 1. What are the prime factors of y?
2, 7, 619
Let o(b) = 25765*b + 427. What are the prime factors of o(1)?
2, 1637
Let h be (-12)/27 + 12388/171. Let d = -4 - -7. Suppose g - h = -4*g - 4*r, g = 5*r - d. List the prime factors of g.
2, 3
Suppose 4*y - 24 = 0, -15*y + 16*y - 15800 = -2*z. List the prime factors of z.
53, 149
Let g(m) = 77*m**3 - m**2 + 3. Let l = -57 - -59. Let q be g(l). Suppose 7*j + 69 = q. What are the prime factors of j?
2, 3, 13
Let m(q) = -q**3 + 13*q**2 - 11*q - 4. Let f be -1 + 14 + (-3)/3. Let k be m(f). What are the prime factors of -2 - (-18)/8 - (-1150)/k?
2, 3
Let r(k) = 4*k**3 - 2*k - 6. Let b = -106 + 50. Let x = 59 + b. List the prime factors of r(x).
2, 3
Suppose 26*o + 41*o - 2233686 = 25*o. What are the prime factors of o?
13, 4091
Let k be (66/4)/((-7)/(-196)). Suppose -10*a = -4*a - k. Suppose a - 28 = i. What are the prime factors of i?
7
Let g = -480 + 459. What are the prime factors of 6440/(g/(-3)) + -4?
2, 229
Let z = -816 - -1029. What are the prime factors of z?
3, 71
Suppose 205 = 2*r - 25. Let b = -59 + r. Let x = b + -50. What are the prime factors of x?
2, 3
Let x be ((-36)/8)/((-6)/8). Suppose 21 - 3 = x*n. Suppose 85 = n*g - 404. List the prime factors of g.
163
Let w(z) be the first derivative of -z**3/3 - 9*z**2/2 + 29*z + 3. Let h be w(-12). Let t(b) = 3*b**2 + 11*b + 9. List the prime factors of t(h).
79
Let h(y) = y**2 - 29*y - 184. What are the prime factors of h(49)?
2, 199
Suppose 2*g + 2 + 2 = q, -11 = -3*q + 5*g. Let n be 101 + q - (3 + 0). Let u = 147 - n. List the prime factors of u.
47
Suppose -2*j = j - 129. Let o(d) = -15 - 8 - j*d + 52*d. What are the prime factors of o(11)?
2, 19
Let n(a) = 4*a**2 + 82*a - 660. List the prime factors of n(24).
2, 3, 7, 43
Let g = 1297 - 714. Suppose b - g = 123. What are the prime factors of b?
2, 353
Let j be (-1)/((-126)/(-32) - 4). Suppose -14*q - 24 = -j*q. Suppose 18*x - q*x - 168 = 0. What are the prime factors of x?
2, 7
Let x = 41 - 4. Suppose -x - 86 = -3*w. What are the prime factors of w?
41
Let h = -20 - -23. Suppose 6*b - 24 = -5*v + h*b, 2*v + 4*b = 4. Let n(x) = x + 6. List the prime factors of n(v).
2, 3
Let g = 30557 - 20648. List the prime factors of g.
3, 367
Suppose -5*h + 2578 = 3*a - 13810, 3*a = -h + 3292. List the prime factors of h.
2, 1637
Suppose -26*x = -10*x. Suppose x = -12*b + 2533 - 325. What are the prime factors of b?
2, 23
Let u(h) = -40*h + 402. Let z be u(10). Suppose -5*l + 4*l + g = -1065, -5*g - 2115 = -z*l. List the prime factors of l.
2, 5, 107
Suppose 0 = -21*a + 30974 + 50947. What are the prime factors of a?
47, 83
Let k(m) = 2*m**3 - 8*m**2 - 17*m + 8. What are the prime factors of k(8)?
2, 3
Let u(b) = 6*b - 264. Let f be u(49). Suppose r + 32509 = f*r. What are the prime factors of r?
19, 59
Let d = -3082 + 5102. List the prime factors of d.
2, 5, 101
Let l = 4877 - 2990. What are the prime factors of l?
3, 17, 37
Suppose -6 = 2*y, -97313 + 3992 = -3*t + 4*y. List the prime factors of t.
19, 1637
Let b = 69632 - 39512. What are the prime factors of b?
2, 3, 5, 251
Let r(u) = -u**3 - 34*u**2 - 63*u + 54. Let j be r(-32). Suppose -j*p = -11002 - 10844. List the prime factors of p.
3, 331
Suppose 3*y - 24 = 0, 6*y - 85761 = -101*w + 98*w. List the prime factors of w.
28571
Suppose 3*w - 11 - 7 = -5*b, -4*w + 2*b + 24 = 0. Let r be (4 - 9/w)*636/10. Suppose 556 + r = 5*g. What are the prime factors of g?
11, 13
Let l be -2 + -9 - -7 - -371. Suppose 154 = 2*k - 334. Let v = l - k. What are the prime factors of v?
3, 41
Let u = 3913 - 2218. List the prime factors of u.
3, 5, 113
Let i(f) = 15*f - 17. Let b be i(4). Let r = 2 + b. Suppose -3*n + 5*s + r + 47 = 0, -5*s = 5*n - 140. List the prime factors of n.
29
List the prime factors of (-3)/(12/(-18) - (-9233)/13863).
4621
Let h(z) = -29*z**3 - z**2 - 6*z - 8. Suppose -3*c = -9, -a + 8*c - 17 = 3*c. Let g be (-3 - -1) + (-2 - a) + 0. List the prime factors of h(g).
2, 29
Suppose 3 = 3*r - 0*r. Let o(x) = 2*x - 6 - 3*x + 29*x. What are the prime factors of o(r)?
2, 11
Let u = -249 + 249. Suppose x = -u*x + 5*i + 1148, -5*x - 4*i + 5798 = 0. List the prime factors of x.
2, 3, 193
Let c(i) = 11*i**3 - 34*i**2 + 7*i - 225. List the prime factors of c(13).
18287
Let l(z) = 40*z**3 + 11*z**2 - 85*z + 470. List the prime factors of l(7).
2, 37, 191
What are the prime factors of (-2)/(-14) + (-25307314)/(-2177)?
3, 5, 31
Let l = -44 + 47. Suppose -2*u + 19 = -5*g, -l*u - 4*g = 4 + 2. List the prime factors of (12/15)/(u/35).
2, 7
Let m = 293 + -289. Let w(n) = 10*n**3 + 7*n**2 - n + 13. What are the prime factors of w(m)?
761
Let c(l) = 25*l**2 + 7*l + 5. Let p be c(-8). Suppose -4237 = -4*o - p. What are the prime factors of o?
2, 3, 7
Let h(n) = -n**2 + 18*n - 17. Let c be h(16). Suppose 8*u + c = 11*u. Suppose -5*y = 4*m - 3*m - 228, u*y - 210 = 5*m. List the prime factors of y.
3, 5
Let p(m) = 2*m**2 - 1. Let b(u) = -7*u**2 - u + 86. Let a(o) = b(o) + 4*p(o). List the prime factors of a(19).
2, 53
Let i = 163 + -159. What are the prime factors of ((-158)/(-10))/(i/20)?
79
Let b be (2/(-6)*-15 + -3)*-1. Let i(n) = n**2 - n. Let u be i(b). What are the prime factors of -637*(-1)/5 + u/10?
2
Let n(x) = -143 + 14*x + 472 + 5*x. List the prime factors of n(14).
5, 7, 17
Let l(t) = -474*t**2 - 6*t + 1. Let u be l(1). Let c = 896 + u. What are the prime factors of c?
3, 139
Suppose 0 = -2*d - 3*o - 3, 22 - 1 = 3*d - 4*o. Suppose 62 = -2*t + d*t. Suppose 5*m + t - 212 = 0. What are the prime factors of m?
2, 3, 5
Suppose -8*c + 12*c - 3*l - 109981 = 0, 0 = 4*c - 2*l - 109974. What are the prime factors of c?
2, 5, 2749
Suppose 5*g - 3*f - 9421 = -0*f, 0 = -3*g + 4*f + 5657. Suppose -1021 - g = -11*m. What are the prime factors of m?
2, 3, 11
Let a be 2247/107 + 5*1 + 0. List the prime factors of (3 - (-17*a - -5)) + -5.
3, 5, 29
What are the prime factors of (-85761)/5*((-98)/